 - (-20 + -45) - 11.
-16
-13 + -2 + 11 + -3 + 15 + -7
1
What is the value of (-51 - -51) + 115 + -198?
-83
Evaluate -149 + 137 - (-69 - (-10 - (-2 + 3))).
46
10 - (-13 - -28) - (59 - (8 + -6))
-62
-1 - (29 - (99 - 21) - -15)
33
Evaluate -129 - ((-49 - -4) + 10 + 10).
-104
What is the value of -1010 + 1046 + 66 + 1?
103
What is -7 + -2 + 5 - -12 - (-3 + 7 + 7)?
-3
What is the value of (-11 - (-17 - (19 + -19 - 25))) + 63?
44
What is 52 + (57 - (-4 + 22) - 16)?
75
What is the value of ((295 - 431) + (-1 - 22) - (0 - 15)) + 6?
-138
What is the value of -38 + 4 - (-5 + 7)?
-36
Calculate (27 - -11) + -83 - -22.
-23
Calculate -4 + (1 - (-11 + 26)) + -27.
-45
What is -7 + -1 - (-53 + (4 - 13)) - 1?
53
What is the value of (-4 - (-20 + 0)) + 75 + -70 + 29?
50
What is ((-3 - 0) + 8 - (2 + -6 + 5)) + -14?
-10
97 + -90 + 41 - (1 + (-1 - 5))
53
0 + 16 - (128 - 80 - (7 - -1))
-24
What is the value of (0 - -17) + (46 - 19) + 15?
59
Calculate 32 + (-6 - (-23 + 52)) + 33.
30
What is -1 - -21 - (-83 - (-22 - 83)) - (-91 - 2)?
91
Evaluate -1 - 147 - (-16434 + 16285).
1
68 - (-15 - ((-16 - -35) + -38) - 11)
75
Evaluate -12 + 13 + (52 - (0 + 13 + -26 - -4)).
62
Calculate -66 + 11 - -123 - (1 - -14).
53
3 + 2 + 2 + -6 + 44 + -57
-12
3 + 105 + -166 + 169 + -9
102
Calculate -7 - ((-4 - (11 + -20)) + 3).
-15
What is the value of 3 + 4 - (100 - 106)?
13
Calculate -25 + (-2 - (16 + -39)) - (-28 + -3).
27
Evaluate (19 - (-3 + -3)) + -12.
13
What is the value of 20 - (-219 - -181 - (-2 + 3))?
59
Evaluate -1 + -2 - (18 + -2 + -56 + 11).
26
Evaluate -1 - 28 - (0 - (-1 - -6) - (-39 + 41)).
-22
What is the value of -51 - (-51 - (-17 - -51))?
34
What is 959 + -966 + (2 + -2 - 0) - (-3 + -40)?
36
Calculate 240 - 175 - (74 - 1).
-8
What is the value of (-126 + -7 - (41 - 69)) + 16?
-89
What is the value of 57 + 1 - (-444 + 450)?
52
-8 + (-11 - -9) - 1 - 0
-11
What is the value of (10 - (21 - 19) - 5) + -111?
-108
-11 + (41 - (50 + -42))
22
What is (-4 + -9 + -7 - (20 - 35)) + -38?
-43
What is the value of -7 + ((61 - (5 + -3)) + -2 - 3) - 1?
46
What is (10 - (-18 + 16)) + -94 - -3 - -10?
-69
Evaluate 13 - (-31 - 1 - -38).
7
What is the value of -48 + (10 - -18) + 44?
24
Calculate 2821 + -2801 + -2 + 3 + 13.
34
What is 3 + -6 + 1 + -8 + (0 - -29) + 2?
21
Evaluate -28 + (-4 - -15 - (19 - 10 - -12)) - 8.
-46
What is 3 - 2 - (0 - -1) - (-41 + -68 - -53)?
56
-15 + (-602 - -580) + 76 + 1
40
What is the value of (-4 - -104) + -9 + (14 - (2 - (1 - 20)))?
84
What is (-4 - ((2 - (23 - 13)) + -4)) + -11 + 0?
-3
What is the value of -12 + 7 + -28 - (-71 + 79)?
-41
Calculate -11 + 12 + 16 + -4 - (11 - -17).
-15
Calculate 22 + (25 - (70 + -23)) - (-2 - 0) - -92.
94
Evaluate 24753 + -24683 + (-1 - 14 - (1 + -1)).
55
What is the value of 85 + -113 + 99 + -52?
19
Calculate -19 + (-16 - 12) + 74.
27
What is the value of 31 + (18 - (10 - -5) - (5 - 2))?
31
Evaluate (16 + -18 - -12) + -12 - (72 - (5 + -10)).
-79
40 - (37 + -18 + -24)
45
What is -62 + (154 - 91) - (-25 + (0 - (-2 - -1)))?
25
Evaluate -54 - (9 - 3 - (45 - 35)) - (21 - 12).
-59
What is the value of 5 + 0 + 11 + 31 + 13 + (14 - 22)?
52
What is 0 + (-7 - (-54 + (21 - (8 + 3))))?
37
47 - ((24 - -11) + 3 + -44)
53
Evaluate -288 - -325 - (12 - 2) - 114.
-87
(2 - 48 - -15) + -12 + 2 + -1
-42
What is 14096 + -14086 + -1 + 36?
45
What is 19 - (21 - (-12 - -10) - 0)?
-4
What is (-3 + 2 - (2 - -11)) + 9 + 14 + -21?
-12
-17 + -80 + 71 - 32
-58
What is the value of -24 - -3 - 0 - (-81 + 28 - -45)?
-13
(1949 - 2019) + -15 + -3 + 6 + -4
-86
Calculate 88 - (129 - (0 - -39)).
-2
Evaluate 10 + (7 - ((-16 - 2) + -1 + 4)).
32
What is (-6 - 0 - (-21 - -17)) + (38 - (4 + -18))?
50
What is 0 + 81 + (-94 - (-263 + 133))?
117
(-8 - 1) + (34 - (30 + -15) - 14) + -5
-9
Calculate -48 - -1 - (-56 + (121 - 77)).
-35
Calculate 4 + -8 + 42 - (-24 + 79 - 36).
19
((-13 - -2) + 1 - (-12 + (53 - 105))) + 6
60
What is the value of (366 + -343 - (34 + -1)) + 3?
-7
0 + -6 + 5 + (-62 - -19 - 7)
-51
Calculate -37 + -12 - -43 - (21 - 2).
-25
-1 + 13 + (-25 - -13) - 0 - 5
-5
What is (0 - -29) + -1 + (61 - (-3 + 73))?
19
Calculate (-27 - 1) + (146 - 24) + -68.
26
What is the value of -122 - ((-2 - 10 - (315 - 306)) + 10)?
-111
Calculate (2 - 5) + -290 + 367.
74
Calculate 4 - (38 - (-4 - -18 - (18 - (15 + -4)))).
-27
Calculate 1 + 74 + 2 - (2692 - 2678) - -7.
70
Calculate 0 + 41 - (1497 - 1474).
18
Evaluate 53 - 89 - (6 + -141) - 31.
68
3 + 6 + -3 + -43 + 7 + -6
-36
What is 2 - ((-73 - -76) + (-2 - -15)) - -70?
56
What is the value of 1235 - 1228 - ((-3 - (-5 + 3)) + -2)?
10
What is the value of -10 - 51 - -15 - -39?
-7
Evaluate -37209 - -37229 - (2 - (-2 - (-2 - -16))).
2
Calculate -89 + 81 + (1 - 1) - (0 - 94).
86
(-125 - -123) + (1 - (2 - 2)) + -2 + -31
-34
What is -1 - ((1 - (-6 - 0)) + 443 + -456)?
5
(4 - -9 - 5 - 67) + (12 - 28)
-75
What is the value of -28 - ((-10 - -2) + -12 + (36 - 6) - 1)?
-37
What is the value of 2 + 76 - (19 + (1 - 44 - (-59 - -32)))?
75
Calculate 79 + 35 + (-31 - -2) + -31.
54
71 - (47 + 48 - -31)
-55
What is the value of 1 + 22 - 1 - (-16026 - -16069)?
-21
(20 - (7 - 47 - -62)) + -7
-9
Calculate 30 + 41 + (-67 - -14).
18
Calculate -78 - (-47 - 57) - (-2 + 7).
21
What is -14178 + 14173 - (0 + -2 - 3 - (-1 - 1))?
-2
What is (0 - (-5 + 2)) + 4 + (-40 - (-4 - -9))?
-38
What is 14 - -4 - (2 - 15 - 48)?
79
Calculate (-6 - -2) + 0 + -4 - (5 + (-4 - 28)).
19
-102 - (-43 - ((3 - -3) + -35))
-88
-8 + 4 + -3 - (9 + 9 + -107 - -16)
66
What is 13 + (3 + 9 - 21) - (-31 + 43)?
-8
17 + ((-74 - -36) + 33 - 32)
-20
Evaluate -1 - 3 - (-30 + -205 + 191 + (26 - -1)).
13
Evaluate (-2145 - -2189) + -21 + 2.
25
What is 1623 + -1483 - (62 - -6)?
72
What is the value of -306 + 319 - (-20 + (0 - 2))?
35
131 - (24 + 73 - -92)
-58
0 - 11 - ((-149 - -135) + (2 - -24) - 35)
12
What is the value of (-2323 - -2331) + 0 + 34 + -1 + -7?
34
-86 + (129 - (-112 + 134))
21
Evaluate 4 + 9 + -17 + -9 - ((-5 - -5) + -5).
-8
Evaluate 148 + (2 - 7) + -20 - 28 - (8 - 0).
87
What is the value of 69 - 74 - ((-3 - -1) + -31)?
28
(68 - 68) + 16 + -5
11
What is 10 - 29 - -42 - (-6 + 0)?
29
What is the value of (2419 - 2437) + 0 + 60?
42
What is the value of 3 - (-19 - (3 - (31 + -20 + (7 - 16))))?
23
Calculate -1 - 17 - (-74 + 73 + (-15 - -3)).
-5
(-3 - -7) + -33 + 40 + -8 + -43 + 0
-40
Evaluate (1 + 2 - (-2 + -56)) + (-225 - -219).
55
Calculate (-5 - (5 + 0)) + (67 - 39).
18
-40 + (38 - (13 - -26) - -9)
-32
Calculate -4 + -36 + 20 + -16 - -2.
-34
What is the value of 0 + (4 + -6 - (10 - (-7 - -15)) - 22)?
-26
Calculate ((5 - 29) + 4 - -9) + 5 + 6.
0
Calculate 0 - (25 + (17 - 1) + -5).
-36
What is (26 - (-13 + -30) - (-10 + 2)) + (-29 - -31)?
79
Evaluate -6 + -76 + (-2633 - -2797).
82
Calculate 30870 + -30850 + (13 - (0 + 0)).
33
What is (13 - -43 - 7) + -82?
-33
Calculate (-328 - (-544 + 211)) + (-1 + 2 - (1 - 4)).
9
What is the value of (16 - 20) + -34 + 1 - (222 - 239)?
-20
What is 2 - 12 - (157 + -49 - 50)?
-68
(1 - -75) + (-72 - 17) + 64
51
Calculate -90 + 77 + (-4 + 3 - -16) - -59.
61
What is the value of (-9 - (-22 - 2 - (22 + -34))) + -39?
-36
What is (-64 - -9) + (-1 - ((16 - 11) + -7))?
-54
What is the value of (-11 - -2) + (12 - (-2 + 4))?
1
What is 0 - (-1 + (1 - 1)) - (-73 + 30 + 27)?
17
Calculate 16 + -5 + (-45 + -5 - 1 - 2).
-42
Evaluate -19 + (-8 + 3 + -1 - 3) + 8.
-20
1 + 0 - (24 - (-27 + (-2 - (15 + -26))))
-41
Evaluate 54 - ((-72 - -17) + 145).
-36
What is the value of -14 - -122 - 89 - -10?
29
Evaluate (-7 + -56 - (-8 - 6)) + -6 + (2 - -2).
-51
(31 - 0) + ((-11 - 26) + 32 - -18)
44
Evaluate -93 - (-163 + 80 + -16).
6
Evaluate -57 + -75 + 32 + 169.
69
What is the value of 10 + -9 + (19 - 2) + -3?
15
What is -78 + 51 + 23 + -62?
-66
What is -17 + (16 + -46 - 14) + 20 - (12 + -2)?
-51
Evaluate -107 + (19 - 47 - -33) + 3 + 4 + 3.
-92
-58 - -58 - (6 - -1 - 7)
0
Calculate (115 - 15) + -43 - 48.
9
Calculate -239 + 242 + -2 + (-22 - -1).
-20
What is 21 + (-28 + 11 - -30 - 19)?
15
-4 + (4 - 4) + 80 + (8 - 16)
68
What is 56 - (-67 + 131) - (65 + -2 + (12 - 15))?
-68
What is 19 + (3 + -2 - 6) + -12 - 11?
-9
What is the value of (8 - 14) + -1 + -7 + (-10 + 15 - 28)?
-37
Calculate 2 - (-61 - (63 + -149)).
-23
Evaluate -29 + 38 - 4 - -20 - -12.
37
Evaluate 38 - (133 + (-103 - -48)).
-